e
Does 26 divide 37762?
False
Does 12 divide 360?
True
Does 12 divide 24?
True
Is 1394 a multiple of 17?
True
Is 116 a factor of 1960?
False
Is 3608 a multiple of 22?
True
Is 6 a factor of 805?
False
Does 15 divide 405?
True
Is 55 a factor of 4958?
False
Is 125 a factor of 8375?
True
Is 26 a multiple of 4?
False
Is 11543 a multiple of 5?
False
Is 201 a factor of 52662?
True
Is 1950 a multiple of 75?
True
Is 13 a factor of 2613?
True
Does 2 divide 220?
True
Is 2016 a multiple of 48?
True
Is 10 a factor of 501?
False
Is 3126 a multiple of 21?
False
Is 3243 a multiple of 21?
False
Does 19 divide 4655?
True
Is 5312 a multiple of 166?
True
Is 166 a factor of 9794?
True
Does 12 divide 312?
True
Is 17 a factor of 292?
False
Is 693 a multiple of 21?
True
Does 20 divide 13538?
False
Does 31 divide 1138?
False
Is 2652 a multiple of 12?
True
Is 2848 a multiple of 70?
False
Does 22 divide 27984?
True
Does 20 divide 3480?
True
Does 7 divide 161?
True
Does 26 divide 19344?
True
Is 2850 a multiple of 15?
True
Is 454 a multiple of 11?
False
Is 24 a factor of 9403?
False
Is 19 a factor of 1710?
True
Is 104 a factor of 7696?
True
Does 3 divide 1838?
False
Is 501 a multiple of 40?
False
Is 15383 a multiple of 146?
False
Is 4688 a multiple of 16?
True
Is 30 a factor of 4140?
True
Is 1588 a multiple of 36?
False
Is 8652 a multiple of 12?
True
Does 4 divide 393?
False
Does 17 divide 731?
True
Is 578 a multiple of 18?
False
Does 29 divide 551?
True
Is 13622 a multiple of 229?
False
Does 79 divide 5846?
True
Is 32 a factor of 4960?
True
Does 69 divide 494?
False
Is 30 a factor of 29746?
False
Is 3162 a multiple of 17?
True
Is 66566 a multiple of 25?
False
Is 2 a factor of 12911?
False
Is 48 a factor of 33408?
True
Does 73 divide 10123?
False
Is 109 a multiple of 8?
False
Is 30 a factor of 17274?
False
Is 13 a factor of 65976?
False
Is 13 a factor of 3094?
True
Is 840 even?
True
Is 432 a multiple of 24?
True
Is 152 even?
True
Is 15 a factor of 137145?
True
Is 1716 a multiple of 39?
True
Is 1298 a multiple of 16?
False
Is 20 a factor of 1407?
False
Is 176 a factor of 13376?
True
Is 952 a multiple of 56?
True
Is 275 a multiple of 3?
False
Is 291 a multiple of 11?
False
Is 3 a factor of 375?
True
Does 58 divide 1941?
False
Is 7 a factor of 390?
False
Is 25600 a multiple of 80?
True
Does 29 divide 1047?
False
Is 20720 a multiple of 10?
True
Does 29 divide 36134?
True
Does 17 divide 255?
True
Is 21 a factor of 903?
True
Is 5040 a multiple of 45?
True
Is 215 a factor of 15066?
False
Is 1066 a multiple of 41?
True
Does 46 divide 5658?
True
Is 1494 a multiple of 18?
True
Does 12 divide 11334?
False
Does 52 divide 10305?
False
Is 41 a factor of 11974?
False
Is 6080 a multiple of 19?
True
Is 7575 a multiple of 25?
True
Is 3 a factor of 1911?
True
Is 1285 a multiple of 43?
False
Does 80 divide 4353?
False
Is 39397 a multiple of 115?
False
Is 11 a factor of 891?
True
Does 12 divide 552?
True
Is 870 a multiple of 30?
True
Does 124 divide 32984?
True
Is 10 a factor of 4430?
True
Does 24 divide 48?
True
Does 14 divide 261?
False
Is 20538 a multiple of 126?
True
Is 466 a multiple of 5?
False
Is 17640 a multiple of 47?
False
Is 12 a factor of 3778?
False
Is 8 a factor of 898?
False
Is 11 a factor of 7612?
True
Is 2660 a multiple of 20?
True
Does 7 divide 929?
False
Does 128 divide 4529?
False
Is 41 a factor of 861?
True
Is 16 a factor of 2192?
True
Is 20 a factor of 4780?
True
Is 25 a factor of 2400?
True
Does 12 divide 371?
False
Is 15 a factor of 427?
False
Is 18 a factor of 20160?
True
Is 13764 a multiple of 62?
True
Is 36 a factor of 252?
True
Is 61 a factor of 106933?
True
Does 48 divide 4272?
True
Is 100 a factor of 48300?
True
Is 212 a factor of 95488?
False
Is 115 a factor of 2690?
False
Does 7 divide 28?
True
Is 164 a factor of 72729?
False
Does 11 divide 41?
False
Is 5090 a multiple of 17?
False
Is 1766 a multiple of 18?
False
Is 2299 a multiple of 13?
False
Does 182 divide 61417?
False
Is 3350 a multiple of 5?
True
Is 55080 a multiple of 170?
True
Is 38183 a multiple of 32?
False
Is 189 a multiple of 9?
True
Does 37 divide 1166?
False
Is 365 a multiple of 12?
False
Is 19 a factor of 627?
True
Does 3 divide 60?
True
Is 42650 a multiple of 50?
True
Does 31 divide 271?
False
Does 7 divide 392?
True
Is 57 a factor of 41382?
True
Is 45 a multiple of 9?
True
Is 7 a factor of 428?
False
Does 20 divide 705?
False
Is 8 a factor of 8?
True
Does 107 divide 93090?
True
Does 33 divide 4851?
True
Is 23801 a multiple of 158?
False
Does 40 divide 4600?
True
Does 22 divide 460?
False
Does 2 divide 755?
False
Does 79 divide 9354?
False
Is 8 a factor of 254?
False
Is 43 a factor of 5124?
False
Is 10350 a multiple of 69?
True
Is 35 even?
False
Does 10 divide 860?
True
Is 40 a factor of 4160?
True
Does 3 divide 473?
False
Is 9 a factor of 6426?
True
Is 322 a factor of 30704?
False
Is 13 a factor of 1872?
True
Is 51791 a multiple of 156?
False
Is 14280 a multiple of 280?
True
Does 3 divide 11920?
False
Is 46 a factor of 644?
True
Does 3 divide 969?
True
Does 8 divide 24?
True
Is 688 a multiple of 16?
True
Is 327 a multiple of 17?
False
Does 11 divide 1529?
True
Is 8 a factor of 3536?
True
Does 33 divide 35211?
True
Is 45 a factor of 32760?
True
Does 22 divide 74864?
False
Is 19 a factor of 1710?
True
Does 12 divide 831?
False
Is 43834 a multiple of 62?
True
Does 23 divide 4393?
True
Is 51 a factor of 58616?
False
Does 6 divide 9225?
False
Does 46 divide 116012?
True
Is 36239 a multiple of 139?
False
Is 267 a factor of 5607?
True
Is 400 a multiple of 9?
False
Is 2530 a multiple of 115?
True
Does 228 divide 20180?
False
Does 42 divide 543?
False
Is 128054 a multiple of 248?
False
Is 8 a factor of 832?
True
Does 23 divide 24035?
True
Is 2142 a multiple of 22?
False
Is 8 a factor of 7081?
False
Is 1590 a multiple of 15?
True
Is 7333 a multiple of 2?
False
Does 15 divide 52095?
True
Is 1037 a multiple of 61?
True
Is 16 a factor of 2699?
False
Does 32 divide 807?
False
Is 13 a factor of 1300?
True
Is 576 a multiple of 16?
True
Is 978 a multiple of 6?
True
Is 12 a factor of 1478?
False
Is 20 a factor of 975?
False
Is 7818 a multiple of 13?
False
Does 23 divide 43792?
True
Does 14 divide 770?
True
Is 1157 a multiple of 5?
False
Is 19 a factor of 72466?
True
Is 529 a multiple of 9?
False
Is 1942 a multiple of 4?
False
Is 32 a factor of 69120?
True
Is 33 a factor of 8385?
False
Is 2019 a multiple of 56?
False
Is 13 a factor of 1879?
False
Is 90 a factor of 1080?
True
Is 6 a factor of 2843?
False
Is 25 a factor of 750?
True
Is 7513 a multiple of 32?
False
Does 60 divide 1020?
True
Is 125 a factor of 3250?
True
Does 25 divide 717?
False
Does 3 divide 298?
False
Is 13755 a multiple of 105?
True
Is 13 a factor of 10340?
False
Is 4 a factor of 224?
True
Does 191 divide 47559?
True
Does 19 divide 7976?
False
Is 12512 a multiple of 6?
False
Is 153 a factor of 6114?
False
Is 24 a factor of 1082?
False
Is 92127 a multiple of 107?
True
Is 2926 a multiple of 7?
True
Does 38 divide 8740?
True
Is 26 a factor of 294?
False
Does 6 divide 1428?
True
Does 171 divide 9740?
False
Is 1411 a multiple of 14?
False
Does 7 divide 319?
False
Does 7 divide 1330?
True
Does 272 divide 28629?
False
Does 27 divide 50046?
False
Is 720 a multiple of 60?
True
Is 670 a multiple of 10?
True
Is 30 a factor of 3210?
True
Does 32 divide 448?
True
Does 37 divide 21569?
False
Is 20 a factor of 140?
True
Does 41 divide 38217?
False
Is 54 a factor of 962?
False
Is 37 a factor of 148?
True
Is 9 a factor of 594?
True
Does 42 divide 73707?
False
Is 483 a factor of 90415?
False
Is 1305 a multiple of 9?
True
Is 28 a factor of 7463?
False
Is 6 a factor of 17952?
True
Does 11 divide 12207?
False
Is 5598 a multiple of 5?
False
Is 2967 a multiple of 129?
True
Is 1390 a multiple of 10?
True
Is 10 a factor of 3220?
True
Does 8 divide 242?
False
Is 12 a factor of 684?
True
Is 678 a multiple of 9?
False
Does 13 divide 1800?
False
Is 4606 a multiple of 15?
False
Is 1502 a multiple of 75?
False
Does 17 divide 2765?
False
Does 13 divide 13?
True
Is 22935 a multiple of 165?
True
Is 258 a factor of 37918?
False
Is 25 a factor of 2709?
False
Does 42 divide 10731?
False
Is 7 a factor of 966?
True
Is 12 a factor of 43535?
False
Is 13 a factor of 5395?
True
Is 5 